pose 0 = -2*n - 3*n + 610. Suppose -2*b + 8 + n = 0. Is b a composite number?
True
Let i(x) = 7*x - 1. Is i(5) composite?
True
Let k(p) = 26*p - 2. Let b(z) = z**3 + 6*z**2 + 6*z + 7. Let y be b(-5). Let d be k(y). Suppose -5*u = -u + 2*j - 100, 2*u + 4*j = d. Is u composite?
True
Let w(b) = -4*b**3 - 3*b**2 - b + 5. Is w(-4) a composite number?
True
Suppose 0 = 5*g + 558 + 1537. Is g*(1 - 2) + 0 prime?
True
Let x = -1818 - -3599. Is x composite?
True
Suppose -5*b + 34 = -0*a - a, -3*a + 12 = 4*b. Let o be 4/b + 4/3. Suppose o*d - 72 = 2. Is d a composite number?
False
Let k be 101/11 - (-10)/(-55). Let w = k - 7. Suppose 0 = y + z - 263, 1052 = w*y + 2*y + 5*z. Is y a composite number?
False
Let o(k) = -k**2 - 12*k - 15. Let w be o(-11). Is (w/12)/(2/(-186)) a composite number?
False
Let k be (-3 + 4 - 0)*2. Suppose k*f = -2 + 8. Suppose f + 12 = z. Is z a composite number?
True
Let x(l) = -79*l**3 - 3*l**2 - 3*l + 3. Is x(-2) a composite number?
True
Let h(d) = -91*d - 3. Let z = -2 - 0. Is h(z) a prime number?
True
Let d = 895 - -466. Is d a prime number?
True
Suppose 3*r + f - 3935 = 0, -740 - 4496 = -4*r - 4*f. Is r a composite number?
True
Let s(c) = -c**2 + 13*c + 9. Suppose -45 = -3*w - 3*n, 4 + 11 = 3*n. Is s(w) composite?
True
Let t(f) = f**3 + f**2 + f + 1. Let w(z) = -21*z**3 + 3*z**2 + 2*z + 3. Let q(x) = -3*t(x) + w(x). Is q(-1) a composite number?
True
Let b = -595 - -1314. Is b a composite number?
False
Let p(c) = -5*c**2 + c - 2. Let a be p(8). Is a/(-3)*6/4 a prime number?
True
Let o be (2 + 1 - 1) + -7. Let x = o - -36. Is x composite?
False
Let v(h) be the first derivative of h**2/2 + 5*h - 3. Suppose -5*f - 5*i + i = -33, -5*i + 15 = f. Is v(f) composite?
True
Let i be (-2 - 2*-1) + 0. Suppose i*f + f + 2*h = 257, 4*f + 4*h = 1032. Suppose -174 = -2*t - r + 2*r, -r - f = -3*t. Is t prime?
False
Let b(i) be the third derivative of 5*i**4/2 - i**3/6 - i**2. Is b(1) composite?
False
Let a be (-4)/(-10) - 8/20. Suppose -g - 1 = a, 3*w - g = 213 + 67. Is w prime?
False
Is ((-78)/(-9))/((-4)/(-30)) composite?
True
Let s(j) = j**3 + 2*j**2 - 11*j + 4. Let k be s(9). Let w be (-2)/(-9) + k/(-18). Let l = -29 - w. Is l a prime number?
False
Let r = 24 + -22. Suppose -r = 2*g - 3*g. Is g a prime number?
True
Suppose -2*h = -16 + 6. Is (-436)/(3 - h) - -3 a composite number?
True
Let y = 7 + -5. Suppose d + 21 = y*d. Is d a composite number?
True
Let r(q) = -q + 2. Let v be r(-2). Suppose 0*p - 101 = -v*p - 3*n, 2*n = 6. Is p a prime number?
True
Suppose 0 = 2*j - 125 - 1169. Is j a prime number?
True
Suppose 0 = -0*y + 6*y - 2082. Is y composite?
False
Suppose -2*u - 2*u - 12 = 0. Let x(o) = -o + 2*o - 2 + o + 5*o**2. Is x(u) composite?
False
Let l be 2/4 + (-58)/4. Let i = 47 + l. Is i a prime number?
False
Suppose 2*s - 2 = -0. Let f = 8 - s. Is f a prime number?
True
Let f be 99/6*2/(-3). Let k = 35 - f. Is k prime?
False
Let b = 3403 + -1302. Is b composite?
True
Let y(n) = 4*n. Suppose 0 = 4*h - 0*h - 4. Let c be y(h). Suppose 0 = 5*m + 5*g - 130, c*m + 0*g = 3*g + 139. Is m a prime number?
True
Let n(k) = 27*k - 4. Let a(c) = 2*c - 1. Let v be a(6). Is n(v) a prime number?
True
Is 1797/9 - (-6)/(-9) a composite number?
False
Suppose -358 = -3*q + 4*v, -5*q + 2*v + 625 = v. Suppose 2*y + q - 784 = 4*t, -5*t = 3*y - 998. Is y prime?
True
Is 3/(-5) + (-4393)/(-5) a composite number?
True
Suppose -l + 10 = 4*l, 2*l = -5*j + 8359. Is j a prime number?
False
Suppose 0*i = -3*i + 189. Let n = i + -6. Suppose 0*l + n = l. Is l composite?
True
Is 1270*(-1 - (0 - (-3)/(-2))) a composite number?
True
Let k(a) be the second derivative of 11*a**4/2 - a**3/3 - a**2/2 + 2*a. Is k(-1) prime?
True
Suppose -13*m - 11374 = -30419. Is m prime?
False
Let w(d) = d**3 + 10*d**2 + 4*d + 1. Is w(-6) prime?
False
Suppose 17 = -4*m + 5, -5*j + 5*m + 15 = 0. Suppose j = 3*l - 416 - 1345. Is l a composite number?
False
Let c be 46/11 + 4/(-22). Suppose r = c - 0. Suppose -2*v = -r, 0 = -2*p - v + 3*v. Is p composite?
False
Suppose 5 = -r, 0 = -0*k + 4*k + 5*r - 3891. Is k a composite number?
True
Let c(o) = -2*o**2 - 23*o + 4. Is c(-10) a composite number?
True
Let w(h) = 11*h**3 + h**2 - 4*h - 1. Let u be w(3). Suppose 0*l - l = -u. Is l prime?
True
Suppose -a + 21 = -4*a. Let y be a/21 - 530/(-6). Suppose 4*c - y = -0. Is c composite?
True
Suppose 4*l + 4*i - 5*i - 4 = 0, 5*l + 12 = -3*i. Suppose -4*s + g + 50 = l, g - 5 = -3. Suppose 0*f = f + 2*y - s, -2*y = -6. Is f a composite number?
False
Let g(c) = 57*c**3 - c**2 + 3*c - 3. Let m be g(-3). Let w be m/(-6) - -1*2. Suppose 2*k = -0*k + w. Is k composite?
False
Suppose x - 11 - 37 = 0. Suppose -97 = -3*r - 22. Let l = x - r. Is l a prime number?
True
Let f(j) = 18*j**2 + 5. Let v = 3 - -1. Is f(v) composite?
False
Suppose 3*d + 2*i = -13, 4*d + 2*i = 6*d - 8. Let n be d*-35*(3 - 2). Suppose 2*t = -3*t + n. Is t a composite number?
False
Suppose -11*p + 25177 = -6096. Is p a composite number?
False
Let y(k) = 126*k**2 + 1. Suppose 2*g + 0 + 2 = 0. Is y(g) prime?
True
Is (6/10)/(1/185) prime?
False
Let o(a) = 122*a**2 + a. Is o(1) a composite number?
True
Is (-2 - -3)*(0 - -298) composite?
True
Let q(v) be the first derivative of v**4/4 - v**3/3 - v**2/2 + 18*v + 2. Let f be q(0). Is 820/36 + 4/f composite?
False
Let y(k) = 2*k**2 - 10*k + 3. Is y(8) prime?
False
Suppose -3*t = -t. Suppose -786 = -5*k + 3*h, -3*k - 2*k + h + 792 = t. Is k prime?
False
Suppose 7*l = 2*l + 27905. Is l composite?
False
Suppose -8*a + 0*a = -6152. Is a a composite number?
False
Let l(j) = 30*j + 7. Is l(11) prime?
True
Let l be 4/((-4)/(-3)) + 2. Suppose -2*z - 2*z - 4*c = -28, -l*z + 4*c + 17 = 0. Suppose 109 = 5*m + 5*s - 31, 0 = z*s - 25. Is m composite?
False
Let o = 27 - 48. Let p = 55 + o. Is p composite?
True
Let i(q) = 143*q + 2. Is i(3) a prime number?
True
Is (59/2)/((-4)/48*-6) prime?
True
Suppose -h = -0*h + 16. Let t be (-728)/h*72/14. Let k = 419 - t. Is k a prime number?
False
Let t = -4 - -4. Let q = t + 6. Is (q - (-3)/(-3)) + -2 composite?
False
Suppose -318 = -0*g - 3*g + 5*x, -2*x = 5*g - 530. Is g prime?
False
Let s(c) = 5*c**2 - 9*c + 1. Is s(6) a composite number?
False
Let s = 283 + -120. Is s a prime number?
True
Suppose -2*u - 4*o = -110, 2*o - 251 = -5*u - 0*o. Is u prime?
False
Let q(g) = -g**2 + 4*g - 11. Let y be q(9). Is (-744)/y + (-2)/7 prime?
True
Let y = -42 - 9. Let b = y - -148. Is b prime?
True
Suppose a + 2*o = 29, 0*a = -4*a + 4*o + 56. Is a a prime number?
True
Let m be 5/(-15) - 19/(-3). Suppose 0 = 2*h + 4*j - 410, 4*h + m*j - 829 = j. Is h prime?
True
Let l be (-3)/((-18)/(-4))*-87. Let s = l + -21. Is s prime?
True
Let c(b) = b**3 + 6*b**2 - 9*b - 8. Suppose -87 = -3*o - 0*o. Suppose 1 = -5*t - o. Is c(t) composite?
True
Is 134*((-19)/(-2) + -4) composite?
True
Let b = 1 - 7. Let i be -34*(-5)/(20/b). Let d = i + 82. Is d composite?
False
Let w = 361 - 255. Suppose -p = p - w. Is p a prime number?
True
Suppose 0 = 5*g + 4*s + 225, 4*g - 5*s + 256 = 35. Let h = g - -223. Suppose -i + h = i. Is i a prime number?
False
Suppose 2*j - 430 = 676. Is j composite?
True
Let j(w) = 8*w - 3. Let b(a) = a. Let y(l) = -6*b(l) + j(l). Let r(v) = -v. Let q be r(-5). Is y(q) a composite number?
False
Let n(p) = 91*p**3 + 3*p**2 - 2*p + 1. Is n(1) a prime number?
False
Suppose 0 = f - 5*g + 26, 0*f - 2*g = -f - 29. Let a = 90 + f. Is a composite?
False
Let d = 98 + 51. Is d prime?
True
Let h(p) = 2*p**3 - 9*p**2 + 3*p + 4. Suppose 11 = 5*c - 19. Let k be h(c). Suppose 4*f - j = 220, 4*f - 90 = -3*j + k. Is f a prime number?
False
Let r(x) be the first derivative of -x**4/4 - 2*x**3/3 + 2*x - 4. Suppose 3*g + g + 12 = 0. Is r(g) a composite number?
False
Let n = 166 + 1. Is n prime?
True
Let k(z) = 10*z**2 - 3*z - 6. Is k(-5) prime?
False
Let c = -103 - -194. Is c a prime number?
False
Let k be (0/(-2) - 1)*-2. Suppose f - 3*o - 74 - 24 = 0, -189 = -k*f - o. Is f composite?
True
Let p = -5 + 1. Is -1 - (p + 1 - 111) a prime number?
True
Let m = 3 + 0. Suppose 47 = 5*y + j, 2*j = y - 8 + m. Is y a composite number?
True
Let s(k) = k - 5. Let d be s(3). Is 6/(-18)*150/d prime?
False
Let g be (-1)/(((-8)/(-6))/(-4)). Suppose 5*j - 92 = g*y, y + 0*y + 18 = j. Is j a composite number?
False
Supp